{"id":391,"date":"2019-09-11T17:28:33","date_gmt":"2019-09-11T15:28:33","guid":{"rendered":"http:\/\/mathplus.tourmu.fr\/?page_id=391"},"modified":"2026-03-06T16:14:39","modified_gmt":"2026-03-06T15:14:39","slug":"interro-1spe","status":"publish","type":"page","link":"https:\/\/mathplus.tourmu.fr\/?page_id=391","title":{"rendered":"Interro  2nde 4"},"content":{"rendered":"\n<div data-wp-interactive=\"core\/file\" class=\"wp-block-file\"><object data-wp-bind--hidden=\"!state.hasPdfPreview\" hidden class=\"wp-block-file__embed\" data=\"https:\/\/mathplus.tourmu.fr\/wp-content\/uploads\/2026\/03\/Interro-res-systeme-graphique-25-fev-2026-corrigee.pdf\" type=\"application\/pdf\" style=\"width:100%;height:200px\" aria-label=\"Contenu embarqu\u00e9 Interro res syst\u00e8me graphique 25 fev 2026 corrig\u00e9e.\"><\/object><a id=\"wp-block-file--media-a813f7aa-7017-4774-8c05-3f3e3fca3f9c\" href=\"https:\/\/mathplus.tourmu.fr\/wp-content\/uploads\/2026\/03\/Interro-res-systeme-graphique-25-fev-2026-corrigee.pdf\">Interro res syst\u00e8me graphique 25 fev 2026 corrig\u00e9e<\/a><a href=\"https:\/\/mathplus.tourmu.fr\/wp-content\/uploads\/2026\/03\/Interro-res-systeme-graphique-25-fev-2026-corrigee.pdf\" class=\"wp-block-file__button wp-element-button\" download aria-describedby=\"wp-block-file--media-a813f7aa-7017-4774-8c05-3f3e3fca3f9c\">T\u00e9l\u00e9charger<\/a><\/div>\n\n\n\n<div data-wp-interactive=\"core\/file\" class=\"wp-block-file\"><object data-wp-bind--hidden=\"!state.hasPdfPreview\" hidden class=\"wp-block-file__embed\" data=\"https:\/\/mathplus.tourmu.fr\/wp-content\/uploads\/2026\/02\/Interro-30-min-11-jan-2026.pdf\" type=\"application\/pdf\" style=\"width:100%;height:200px\" aria-label=\"Contenu embarqu\u00e9 Interro 30 min 11 jan 2026.\"><\/object><a id=\"wp-block-file--media-0549646b-06d8-41d2-a96a-c022faf93b9c\" href=\"https:\/\/mathplus.tourmu.fr\/wp-content\/uploads\/2026\/02\/Interro-30-min-11-jan-2026.pdf\">Interro 30 min 11 jan 2026<\/a><a href=\"https:\/\/mathplus.tourmu.fr\/wp-content\/uploads\/2026\/02\/Interro-30-min-11-jan-2026.pdf\" class=\"wp-block-file__button wp-element-button\" download aria-describedby=\"wp-block-file--media-0549646b-06d8-41d2-a96a-c022faf93b9c\">T\u00e9l\u00e9charger<\/a><\/div>\n\n\n\n<div data-wp-interactive=\"core\/file\" class=\"wp-block-file\"><object data-wp-bind--hidden=\"!state.hasPdfPreview\" hidden class=\"wp-block-file__embed\" data=\"https:\/\/mathplus.tourmu.fr\/wp-content\/uploads\/2025\/10\/Interro-vocabulaire-fct-et-lectures-1.pdf\" type=\"application\/pdf\" style=\"width:100%;height:200px\" aria-label=\"Contenu embarqu\u00e9 Interrogation  vocabulaire des fonctions et lectures graphiques.\"><\/object><a id=\"wp-block-file--media-8535cba7-f555-4489-b262-a76a826c96f3\" href=\"https:\/\/mathplus.tourmu.fr\/wp-content\/uploads\/2025\/10\/Interro-vocabulaire-fct-et-lectures-1.pdf\">Interrogation  vocabulaire des fonctions et lectures graphiques<\/a><a href=\"https:\/\/mathplus.tourmu.fr\/wp-content\/uploads\/2025\/10\/Interro-vocabulaire-fct-et-lectures-1.pdf\" class=\"wp-block-file__button wp-element-button\" download aria-describedby=\"wp-block-file--media-8535cba7-f555-4489-b262-a76a826c96f3\">T\u00e9l\u00e9charger<\/a><\/div>\n","protected":false},"excerpt":{"rendered":"","protected":false},"author":1,"featured_media":0,"parent":387,"menu_order":0,"comment_status":"closed","ping_status":"closed","template":"","meta":{"footnotes":""},"class_list":["post-391","page","type-page","status-publish","hentry"],"_links":{"self":[{"href":"https:\/\/mathplus.tourmu.fr\/index.php?rest_route=\/wp\/v2\/pages\/391","targetHints":{"allow":["GET"]}}],"collection":[{"href":"https:\/\/mathplus.tourmu.fr\/index.php?rest_route=\/wp\/v2\/pages"}],"about":[{"href":"https:\/\/mathplus.tourmu.fr\/index.php?rest_route=\/wp\/v2\/types\/page"}],"author":[{"embeddable":true,"href":"https:\/\/mathplus.tourmu.fr\/index.php?rest_route=\/wp\/v2\/users\/1"}],"replies":[{"embeddable":true,"href":"https:\/\/mathplus.tourmu.fr\/index.php?rest_route=%2Fwp%2Fv2%2Fcomments&post=391"}],"version-history":[{"count":26,"href":"https:\/\/mathplus.tourmu.fr\/index.php?rest_route=\/wp\/v2\/pages\/391\/revisions"}],"predecessor-version":[{"id":5417,"href":"https:\/\/mathplus.tourmu.fr\/index.php?rest_route=\/wp\/v2\/pages\/391\/revisions\/5417"}],"up":[{"embeddable":true,"href":"https:\/\/mathplus.tourmu.fr\/index.php?rest_route=\/wp\/v2\/pages\/387"}],"wp:attachment":[{"href":"https:\/\/mathplus.tourmu.fr\/index.php?rest_route=%2Fwp%2Fv2%2Fmedia&parent=391"}],"curies":[{"name":"wp","href":"https:\/\/api.w.org\/{rel}","templated":true}]}}