{"id":2392,"date":"2021-11-17T10:10:31","date_gmt":"2021-11-17T09:10:31","guid":{"rendered":"http:\/\/mathplus.tourmu.fr\/?page_id=2392"},"modified":"2026-02-10T16:12:26","modified_gmt":"2026-02-10T15:12:26","slug":"fiches-de-revisions","status":"publish","type":"page","link":"https:\/\/mathplus.tourmu.fr\/?page_id=2392","title":{"rendered":"Fiches de r\u00e9visions et de rem\u00e9diation"},"content":{"rendered":"\n<div data-wp-interactive=\"core\/file\" class=\"wp-block-file\"><object data-wp-bind--hidden=\"!state.hasPdfPreview\" hidden class=\"wp-block-file__embed\" data=\"https:\/\/mathplus.tourmu.fr\/wp-content\/uploads\/2026\/01\/BB-fevrier-2025-Sujet-correction.pdf\" type=\"application\/pdf\" style=\"width:100%;height:200px\" aria-label=\"Contenu embarqu\u00e9 Pour r\u00e9viser le Bac Blanc de f\u00e9vrier 2025 Sujet + correction.\"><\/object><a id=\"wp-block-file--media-a9234859-67d5-4173-9432-b345a5d05e89\" href=\"https:\/\/mathplus.tourmu.fr\/wp-content\/uploads\/2026\/01\/BB-fevrier-2025-Sujet-correction.pdf\">Pour r\u00e9viser le Bac Blanc de f\u00e9vrier 2025 Sujet + correction<\/a><a href=\"https:\/\/mathplus.tourmu.fr\/wp-content\/uploads\/2026\/01\/BB-fevrier-2025-Sujet-correction.pdf\" class=\"wp-block-file__button wp-element-button\" download aria-describedby=\"wp-block-file--media-a9234859-67d5-4173-9432-b345a5d05e89\">T\u00e9l\u00e9charger<\/a><\/div>\n\n\n\n<div data-wp-interactive=\"core\/file\" class=\"wp-block-file\"><object data-wp-bind--hidden=\"!state.hasPdfPreview\" hidden class=\"wp-block-file__embed\" data=\"https:\/\/mathplus.tourmu.fr\/wp-content\/uploads\/2025\/12\/Tspe-Revisions-Proba-loi-binomiale-et-suites.pdf\" type=\"application\/pdf\" style=\"width:100%;height:200px\" aria-label=\"Contenu embarqu\u00e9 Tspe R\u00e9visions Proba, loi binomiale et suites.\"><\/object><a id=\"wp-block-file--media-8cc495e4-37e1-4d6a-9bad-7b7a2a5da81e\" href=\"https:\/\/mathplus.tourmu.fr\/wp-content\/uploads\/2025\/12\/Tspe-Revisions-Proba-loi-binomiale-et-suites.pdf\">Tspe R\u00e9visions Proba, loi binomiale et suites<\/a><a href=\"https:\/\/mathplus.tourmu.fr\/wp-content\/uploads\/2025\/12\/Tspe-Revisions-Proba-loi-binomiale-et-suites.pdf\" class=\"wp-block-file__button wp-element-button\" download aria-describedby=\"wp-block-file--media-8cc495e4-37e1-4d6a-9bad-7b7a2a5da81e\">T\u00e9l\u00e9charger<\/a><\/div>\n\n\n\n<div data-wp-interactive=\"core\/file\" class=\"wp-block-file\"><object data-wp-bind--hidden=\"!state.hasPdfPreview\" hidden class=\"wp-block-file__embed\" data=\"https:\/\/mathplus.tourmu.fr\/wp-content\/uploads\/2026\/02\/TSpe-Revisions-2-Fonctions-ln-et-exp-enonce-corrige.pdf\" type=\"application\/pdf\" style=\"width:100%;height:200px\" aria-label=\"Contenu embarqu\u00e9 TSpe R\u00e9visions 2 Fonctions ln et exp \u00e9nonc\u00e9 + corrig\u00e9.\"><\/object><a id=\"wp-block-file--media-fb7b4702-3dd4-468c-8cc5-e75b4b00741b\" href=\"https:\/\/mathplus.tourmu.fr\/wp-content\/uploads\/2026\/02\/TSpe-Revisions-2-Fonctions-ln-et-exp-enonce-corrige.pdf\">TSpe R\u00e9visions 2 Fonctions ln et exp \u00e9nonc\u00e9 + corrig\u00e9<\/a><a href=\"https:\/\/mathplus.tourmu.fr\/wp-content\/uploads\/2026\/02\/TSpe-Revisions-2-Fonctions-ln-et-exp-enonce-corrige.pdf\" class=\"wp-block-file__button wp-element-button\" download aria-describedby=\"wp-block-file--media-fb7b4702-3dd4-468c-8cc5-e75b4b00741b\">T\u00e9l\u00e9charger<\/a><\/div>\n\n\n\n<div data-wp-interactive=\"core\/file\" class=\"wp-block-file\"><object data-wp-bind--hidden=\"!state.hasPdfPreview\" hidden class=\"wp-block-file__embed\" data=\"https:\/\/mathplus.tourmu.fr\/wp-content\/uploads\/2025\/12\/Tspe-Revisions-Les-suites-les-limites-et-lalgorithmique.pdf\" type=\"application\/pdf\" style=\"width:100%;height:200px\" aria-label=\"Contenu embarqu\u00e9 Tspe R\u00e9visions Les suites, les limites et l&apos;algorithmique.\"><\/object><a id=\"wp-block-file--media-b2656420-1f1f-48a8-8776-02f3ee9c639e\" href=\"https:\/\/mathplus.tourmu.fr\/wp-content\/uploads\/2025\/12\/Tspe-Revisions-Les-suites-les-limites-et-lalgorithmique.pdf\">Tspe R\u00e9visions Les suites, les limites et l&rsquo;algorithmique<\/a><a href=\"https:\/\/mathplus.tourmu.fr\/wp-content\/uploads\/2025\/12\/Tspe-Revisions-Les-suites-les-limites-et-lalgorithmique.pdf\" class=\"wp-block-file__button wp-element-button\" download aria-describedby=\"wp-block-file--media-b2656420-1f1f-48a8-8776-02f3ee9c639e\">T\u00e9l\u00e9charger<\/a><\/div>\n\n\n\n<div data-wp-interactive=\"core\/file\" class=\"wp-block-file\"><object data-wp-bind--hidden=\"!state.hasPdfPreview\" hidden class=\"wp-block-file__embed\" data=\"https:\/\/mathplus.tourmu.fr\/wp-content\/uploads\/2025\/12\/TSpe-Revisions-4-Lespace-et-les-equations-parametriques-corrigee.pdf\" type=\"application\/pdf\" style=\"width:100%;height:200px\" aria-label=\"Contenu embarqu\u00e9 TSpe R\u00e9visions L&apos;espace et les \u00e9quations param\u00e9triques corrig\u00e9e.\"><\/object><a id=\"wp-block-file--media-9fb19789-2faa-4b7a-ad92-b2b1cc9b9643\" href=\"https:\/\/mathplus.tourmu.fr\/wp-content\/uploads\/2025\/12\/TSpe-Revisions-4-Lespace-et-les-equations-parametriques-corrigee.pdf\">TSpe R\u00e9visions L&rsquo;espace et les \u00e9quations param\u00e9triques corrig\u00e9e<\/a><a href=\"https:\/\/mathplus.tourmu.fr\/wp-content\/uploads\/2025\/12\/TSpe-Revisions-4-Lespace-et-les-equations-parametriques-corrigee.pdf\" class=\"wp-block-file__button wp-element-button\" download aria-describedby=\"wp-block-file--media-9fb19789-2faa-4b7a-ad92-b2b1cc9b9643\">T\u00e9l\u00e9charger<\/a><\/div>\n\n\n\n<div data-wp-interactive=\"core\/file\" class=\"wp-block-file\"><object data-wp-bind--hidden=\"!state.hasPdfPreview\" hidden class=\"wp-block-file__embed\" data=\"https:\/\/mathplus.tourmu.fr\/wp-content\/uploads\/2025\/11\/Revisions-DS-25-mars-2025.pdf\" type=\"application\/pdf\" style=\"width:100%;height:200px\" aria-label=\"Contenu embarqu\u00e9 R\u00e9visions DS 25 mars 2025.\"><\/object><a id=\"wp-block-file--media-7f90082a-ab8b-49e2-9711-8131ed62eb2a\" href=\"https:\/\/mathplus.tourmu.fr\/wp-content\/uploads\/2025\/11\/Revisions-DS-25-mars-2025.pdf\">R\u00e9visions DS 25 mars 2025<\/a><a href=\"https:\/\/mathplus.tourmu.fr\/wp-content\/uploads\/2025\/11\/Revisions-DS-25-mars-2025.pdf\" class=\"wp-block-file__button wp-element-button\" download aria-describedby=\"wp-block-file--media-7f90082a-ab8b-49e2-9711-8131ed62eb2a\">T\u00e9l\u00e9charger<\/a><\/div>\n\n\n\n<div data-wp-interactive=\"core\/file\" class=\"wp-block-file\"><object data-wp-bind--hidden=\"!state.hasPdfPreview\" hidden class=\"wp-block-file__embed\" data=\"https:\/\/mathplus.tourmu.fr\/wp-content\/uploads\/2025\/11\/TSpe-Revisions-DS4-.pdf\" type=\"application\/pdf\" style=\"width:100%;height:200px\" aria-label=\"Contenu embarqu\u00e9 R\u00e9visions DS4 2020 loi binomiale .\"><\/object><a id=\"wp-block-file--media-f891aae4-92a3-4690-8ea7-f0df429a0d7d\" href=\"https:\/\/mathplus.tourmu.fr\/wp-content\/uploads\/2025\/11\/TSpe-Revisions-DS4-.pdf\">R\u00e9visions DS4 2020 loi binomiale <\/a><a href=\"https:\/\/mathplus.tourmu.fr\/wp-content\/uploads\/2025\/11\/TSpe-Revisions-DS4-.pdf\" class=\"wp-block-file__button wp-element-button\" download aria-describedby=\"wp-block-file--media-f891aae4-92a3-4690-8ea7-f0df429a0d7d\">T\u00e9l\u00e9charger<\/a><\/div>\n\n\n\n<div data-wp-interactive=\"core\/file\" class=\"wp-block-file\"><object data-wp-bind--hidden=\"!state.hasPdfPreview\" hidden class=\"wp-block-file__embed\" data=\"https:\/\/mathplus.tourmu.fr\/wp-content\/uploads\/2025\/10\/DS2-du-5-novembre-2024-enonce-et-corrige-1.pdf\" type=\"application\/pdf\" style=\"width:100%;height:200px\" aria-label=\"Contenu embarqu\u00e9 DS2 du 5 novembre 2024 \u00e9nonc\u00e9 et corrig\u00e9.\"><\/object><a id=\"wp-block-file--media-4aabb591-745a-4005-9b57-166ae9e64028\" href=\"https:\/\/mathplus.tourmu.fr\/wp-content\/uploads\/2025\/10\/DS2-du-5-novembre-2024-enonce-et-corrige-1.pdf\">DS2 du 5 novembre 2024 \u00e9nonc\u00e9 et corrig\u00e9<\/a><a href=\"https:\/\/mathplus.tourmu.fr\/wp-content\/uploads\/2025\/10\/DS2-du-5-novembre-2024-enonce-et-corrige-1.pdf\" class=\"wp-block-file__button wp-element-button\" download aria-describedby=\"wp-block-file--media-4aabb591-745a-4005-9b57-166ae9e64028\">T\u00e9l\u00e9charger<\/a><\/div>\n\n\n\n<div data-wp-interactive=\"core\/file\" class=\"wp-block-file\"><object data-wp-bind--hidden=\"!state.hasPdfPreview\" hidden class=\"wp-block-file__embed\" data=\"https:\/\/mathplus.tourmu.fr\/wp-content\/uploads\/2025\/10\/Fiche-revisions-DS2-2.pdf\" type=\"application\/pdf\" style=\"width:100%;height:200px\" aria-label=\"Contenu embarqu\u00e9 Fiche r\u00e9visions DS2.\"><\/object><a id=\"wp-block-file--media-595b4aed-87f7-4d10-ba69-c9eb30f9e680\" href=\"https:\/\/mathplus.tourmu.fr\/wp-content\/uploads\/2025\/10\/Fiche-revisions-DS2-2.pdf\">Fiche r\u00e9visions DS2<\/a><a href=\"https:\/\/mathplus.tourmu.fr\/wp-content\/uploads\/2025\/10\/Fiche-revisions-DS2-2.pdf\" class=\"wp-block-file__button wp-element-button\" download aria-describedby=\"wp-block-file--media-595b4aed-87f7-4d10-ba69-c9eb30f9e680\">T\u00e9l\u00e9charger<\/a><\/div>\n\n\n\n<div data-wp-interactive=\"core\/file\" class=\"wp-block-file\"><object data-wp-bind--hidden=\"!state.hasPdfPreview\" hidden class=\"wp-block-file__embed\" data=\"https:\/\/mathplus.tourmu.fr\/wp-content\/uploads\/2025\/10\/Fiche-dexercices-sur-les-suites-revisions-corrige-1-1.pdf\" type=\"application\/pdf\" style=\"width:100%;height:200px\" aria-label=\"Contenu embarqu\u00e9 Fiche d&apos;exercices sur les suites ( r\u00e9visions corrig\u00e9 ).\"><\/object><a id=\"wp-block-file--media-923576fb-83c4-48ec-8829-11c4cf15ad06\" href=\"https:\/\/mathplus.tourmu.fr\/wp-content\/uploads\/2025\/10\/Fiche-dexercices-sur-les-suites-revisions-corrige-1-1.pdf\">Fiche d&rsquo;exercices sur les suites ( r\u00e9visions corrig\u00e9 )<\/a><a href=\"https:\/\/mathplus.tourmu.fr\/wp-content\/uploads\/2025\/10\/Fiche-dexercices-sur-les-suites-revisions-corrige-1-1.pdf\" class=\"wp-block-file__button wp-element-button\" download aria-describedby=\"wp-block-file--media-923576fb-83c4-48ec-8829-11c4cf15ad06\">T\u00e9l\u00e9charger<\/a><\/div>\n\n\n\n<div data-wp-interactive=\"core\/file\" class=\"wp-block-file\"><object data-wp-bind--hidden=\"!state.hasPdfPreview\" hidden class=\"wp-block-file__embed\" data=\"https:\/\/mathplus.tourmu.fr\/wp-content\/uploads\/2025\/09\/TSpe_DS1_Expo_derivation_2122.pdf\" type=\"application\/pdf\" style=\"width:100%;height:200px\" aria-label=\"Contenu embarqu\u00e9 DS1 Exponentielle et d\u00e9rivation 2022.\"><\/object><a id=\"wp-block-file--media-d6857dd5-695d-4f92-92cb-3c7fe3abb9a4\" href=\"https:\/\/mathplus.tourmu.fr\/wp-content\/uploads\/2025\/09\/TSpe_DS1_Expo_derivation_2122.pdf\">DS1 Exponentielle et d\u00e9rivation 2022<\/a><a href=\"https:\/\/mathplus.tourmu.fr\/wp-content\/uploads\/2025\/09\/TSpe_DS1_Expo_derivation_2122.pdf\" class=\"wp-block-file__button wp-element-button\" download aria-describedby=\"wp-block-file--media-d6857dd5-695d-4f92-92cb-3c7fe3abb9a4\">T\u00e9l\u00e9charger<\/a><\/div>\n\n\n\n<div data-wp-interactive=\"core\/file\" class=\"wp-block-file\"><object data-wp-bind--hidden=\"!state.hasPdfPreview\" hidden class=\"wp-block-file__embed\" data=\"https:\/\/mathplus.tourmu.fr\/wp-content\/uploads\/2025\/09\/DS1-Exponentielle-24-septembre-2024-avec-corrige.pdf\" type=\"application\/pdf\" style=\"width:100%;height:200px\" aria-label=\"Contenu embarqu\u00e9 DS1 Exponentielle 24 septembre 2024 avec corrig\u00e9.\"><\/object><a id=\"wp-block-file--media-7fc110f9-1616-48b9-be20-9afdc8274d2f\" href=\"https:\/\/mathplus.tourmu.fr\/wp-content\/uploads\/2025\/09\/DS1-Exponentielle-24-septembre-2024-avec-corrige.pdf\">DS1 Exponentielle 24 septembre 2024 avec corrig\u00e9<\/a><a href=\"https:\/\/mathplus.tourmu.fr\/wp-content\/uploads\/2025\/09\/DS1-Exponentielle-24-septembre-2024-avec-corrige.pdf\" class=\"wp-block-file__button wp-element-button\" download aria-describedby=\"wp-block-file--media-7fc110f9-1616-48b9-be20-9afdc8274d2f\">T\u00e9l\u00e9charger<\/a><\/div>\n\n\n\n<div data-wp-interactive=\"core\/file\" class=\"wp-block-file\"><object data-wp-bind--hidden=\"!state.hasPdfPreview\" hidden class=\"wp-block-file__embed\" data=\"https:\/\/mathplus.tourmu.fr\/wp-content\/uploads\/2025\/09\/Fiche-d-exercices-livre-1ere.pdf\" type=\"application\/pdf\" style=\"width:100%;height:200px\" aria-label=\"Contenu embarqu\u00e9 Fiche de r\u00e9visions sur la fonction exponentielle.\"><\/object><a id=\"wp-block-file--media-28f817c2-2377-4d3d-8221-dc875faa21a6\" href=\"https:\/\/mathplus.tourmu.fr\/wp-content\/uploads\/2025\/09\/Fiche-d-exercices-livre-1ere.pdf\">Fiche de r\u00e9visions sur la fonction exponentielle<\/a><a href=\"https:\/\/mathplus.tourmu.fr\/wp-content\/uploads\/2025\/09\/Fiche-d-exercices-livre-1ere.pdf\" class=\"wp-block-file__button wp-element-button\" download aria-describedby=\"wp-block-file--media-28f817c2-2377-4d3d-8221-dc875faa21a6\">T\u00e9l\u00e9charger<\/a><\/div>\n","protected":false},"excerpt":{"rendered":"","protected":false},"author":1,"featured_media":0,"parent":361,"menu_order":2,"comment_status":"closed","ping_status":"closed","template":"","meta":{"footnotes":""},"class_list":["post-2392","page","type-page","status-publish","hentry"],"_links":{"self":[{"href":"https:\/\/mathplus.tourmu.fr\/index.php?rest_route=\/wp\/v2\/pages\/2392","targetHints":{"allow":["GET"]}}],"collection":[{"href":"https:\/\/mathplus.tourmu.fr\/index.php?rest_route=\/wp\/v2\/pages"}],"about":[{"href":"https:\/\/mathplus.tourmu.fr\/index.php?rest_route=\/wp\/v2\/types\/page"}],"author":[{"embeddable":true,"href":"https:\/\/mathplus.tourmu.fr\/index.php?rest_route=\/wp\/v2\/users\/1"}],"replies":[{"embeddable":true,"href":"https:\/\/mathplus.tourmu.fr\/index.php?rest_route=%2Fwp%2Fv2%2Fcomments&post=2392"}],"version-history":[{"count":76,"href":"https:\/\/mathplus.tourmu.fr\/index.php?rest_route=\/wp\/v2\/pages\/2392\/revisions"}],"predecessor-version":[{"id":5402,"href":"https:\/\/mathplus.tourmu.fr\/index.php?rest_route=\/wp\/v2\/pages\/2392\/revisions\/5402"}],"up":[{"embeddable":true,"href":"https:\/\/mathplus.tourmu.fr\/index.php?rest_route=\/wp\/v2\/pages\/361"}],"wp:attachment":[{"href":"https:\/\/mathplus.tourmu.fr\/index.php?rest_route=%2Fwp%2Fv2%2Fmedia&parent=2392"}],"curies":[{"name":"wp","href":"https:\/\/api.w.org\/{rel}","templated":true}]}}