{"id":2129,"date":"2021-09-06T18:11:31","date_gmt":"2021-09-06T16:11:31","guid":{"rendered":"http:\/\/mathplus.tourmu.fr\/?page_id=2129"},"modified":"2026-02-04T15:45:00","modified_gmt":"2026-02-04T14:45:00","slug":"fiche-dexercices-donnees-en-classe","status":"publish","type":"page","link":"https:\/\/mathplus.tourmu.fr\/?page_id=2129","title":{"rendered":"Fiches d&rsquo;exercices donn\u00e9es en classe TSp\u00e9"},"content":{"rendered":"\n<div data-wp-interactive=\"core\/file\" class=\"wp-block-file\"><object data-wp-bind--hidden=\"!state.hasPdfPreview\" hidden class=\"wp-block-file__embed\" data=\"https:\/\/mathplus.tourmu.fr\/wp-content\/uploads\/2026\/02\/Fiche-exercices-sur-la-fonction-ln-2026.pdf\" type=\"application\/pdf\" style=\"width:100%;height:200px\" aria-label=\"Contenu embarqu\u00e9 Fiche exercices sur la fonction ln .\"><\/object><a id=\"wp-block-file--media-08c94e56-9cb1-4556-9d6b-0b155208acd0\" href=\"https:\/\/mathplus.tourmu.fr\/wp-content\/uploads\/2026\/02\/Fiche-exercices-sur-la-fonction-ln-2026.pdf\">Fiche exercices sur la fonction ln <\/a><a href=\"https:\/\/mathplus.tourmu.fr\/wp-content\/uploads\/2026\/02\/Fiche-exercices-sur-la-fonction-ln-2026.pdf\" class=\"wp-block-file__button wp-element-button\" download aria-describedby=\"wp-block-file--media-08c94e56-9cb1-4556-9d6b-0b155208acd0\">T\u00e9l\u00e9charger<\/a><\/div>\n\n\n\n<div data-wp-interactive=\"core\/file\" class=\"wp-block-file\"><object data-wp-bind--hidden=\"!state.hasPdfPreview\" hidden class=\"wp-block-file__embed\" data=\"https:\/\/mathplus.tourmu.fr\/wp-content\/uploads\/2025\/12\/TD-n\u00b03-Sections-de-cubes-et-pyramide-corrigee.pdf\" type=\"application\/pdf\" style=\"width:100%;height:200px\" aria-label=\"Contenu embarqu\u00e9 TD n\u00b03 Sections de cubes et pyramide corrig\u00e9e.\"><\/object><a id=\"wp-block-file--media-d74f429a-8e83-47e4-bfeb-b943f759f4ef\" href=\"https:\/\/mathplus.tourmu.fr\/wp-content\/uploads\/2025\/12\/TD-n\u00b03-Sections-de-cubes-et-pyramide-corrigee.pdf\">TD n\u00b03 Sections de cubes et pyramide corrig\u00e9e<\/a><a href=\"https:\/\/mathplus.tourmu.fr\/wp-content\/uploads\/2025\/12\/TD-n\u00b03-Sections-de-cubes-et-pyramide-corrigee.pdf\" class=\"wp-block-file__button wp-element-button\" download aria-describedby=\"wp-block-file--media-d74f429a-8e83-47e4-bfeb-b943f759f4ef\">T\u00e9l\u00e9charger<\/a><\/div>\n\n\n\n<div data-wp-interactive=\"core\/file\" class=\"wp-block-file\"><object data-wp-bind--hidden=\"!state.hasPdfPreview\" hidden class=\"wp-block-file__embed\" data=\"https:\/\/mathplus.tourmu.fr\/wp-content\/uploads\/2025\/11\/TD-n\u00b02-Equations-parametriques-de-droites-et-plan.pdf\" type=\"application\/pdf\" style=\"width:100%;height:200px\" aria-label=\"Contenu embarqu\u00e9 TD n\u00b02 Equations param\u00e9triques de droites et plan.\"><\/object><a id=\"wp-block-file--media-3a6df5e0-aefd-46df-8b8d-3534e733b4fb\" href=\"https:\/\/mathplus.tourmu.fr\/wp-content\/uploads\/2025\/11\/TD-n\u00b02-Equations-parametriques-de-droites-et-plan.pdf\">TD n\u00b02 Equations param\u00e9triques de droites et plan<\/a><a href=\"https:\/\/mathplus.tourmu.fr\/wp-content\/uploads\/2025\/11\/TD-n\u00b02-Equations-parametriques-de-droites-et-plan.pdf\" class=\"wp-block-file__button wp-element-button\" download aria-describedby=\"wp-block-file--media-3a6df5e0-aefd-46df-8b8d-3534e733b4fb\">T\u00e9l\u00e9charger<\/a><\/div>\n\n\n\n<div data-wp-interactive=\"core\/file\" class=\"wp-block-file\"><object data-wp-bind--hidden=\"!state.hasPdfPreview\" hidden class=\"wp-block-file__embed\" data=\"https:\/\/mathplus.tourmu.fr\/wp-content\/uploads\/2025\/11\/TD-n\u00b01-Sections-et-geometrie-vectorielle.pdf\" type=\"application\/pdf\" style=\"width:100%;height:200px\" aria-label=\"Contenu embarqu\u00e9 TD n\u00b01 Sections et g\u00e9om\u00e9trie vectorielle.\"><\/object><a id=\"wp-block-file--media-40f75d54-c9bc-4441-8eee-3f4f33001b10\" href=\"https:\/\/mathplus.tourmu.fr\/wp-content\/uploads\/2025\/11\/TD-n\u00b01-Sections-et-geometrie-vectorielle.pdf\">TD n\u00b01 Sections et g\u00e9om\u00e9trie vectorielle<\/a><a href=\"https:\/\/mathplus.tourmu.fr\/wp-content\/uploads\/2025\/11\/TD-n\u00b01-Sections-et-geometrie-vectorielle.pdf\" class=\"wp-block-file__button wp-element-button\" download aria-describedby=\"wp-block-file--media-40f75d54-c9bc-4441-8eee-3f4f33001b10\">T\u00e9l\u00e9charger<\/a><\/div>\n\n\n\n<div data-wp-interactive=\"core\/file\" class=\"wp-block-file\"><object data-wp-bind--hidden=\"!state.hasPdfPreview\" hidden class=\"wp-block-file__embed\" data=\"https:\/\/mathplus.tourmu.fr\/wp-content\/uploads\/2025\/12\/Fiche-exercices-sections-n\u00b01-tetraedre-et-cube.pdf\" type=\"application\/pdf\" style=\"width:100%;height:200px\" aria-label=\"Contenu embarqu\u00e9 Fiche exercices sections n\u00b01 .\"><\/object><a id=\"wp-block-file--media-4a55aeeb-8861-4e95-9171-e8d8bc4a9021\" href=\"https:\/\/mathplus.tourmu.fr\/wp-content\/uploads\/2025\/12\/Fiche-exercices-sections-n\u00b01-tetraedre-et-cube.pdf\">Fiche exercices sections n\u00b01 <\/a><a href=\"https:\/\/mathplus.tourmu.fr\/wp-content\/uploads\/2025\/12\/Fiche-exercices-sections-n\u00b01-tetraedre-et-cube.pdf\" class=\"wp-block-file__button wp-element-button\" download aria-describedby=\"wp-block-file--media-4a55aeeb-8861-4e95-9171-e8d8bc4a9021\">T\u00e9l\u00e9charger<\/a><\/div>\n\n\n\n<div data-wp-interactive=\"core\/file\" class=\"wp-block-file\"><object data-wp-bind--hidden=\"!state.hasPdfPreview\" hidden class=\"wp-block-file__embed\" data=\"https:\/\/mathplus.tourmu.fr\/wp-content\/uploads\/2025\/10\/Fiche-de-revisions-probabilites-niveau-1ere.pdf\" type=\"application\/pdf\" style=\"width:100%;height:200px\" aria-label=\"Contenu embarqu\u00e9 Fiche de revisions probabilit\u00e9s niveau 1ere.\"><\/object><a id=\"wp-block-file--media-56de18e1-755e-42ea-818a-e2d9e7027d0c\" href=\"https:\/\/mathplus.tourmu.fr\/wp-content\/uploads\/2025\/10\/Fiche-de-revisions-probabilites-niveau-1ere.pdf\">Fiche de revisions probabilit\u00e9s niveau 1ere<\/a><a href=\"https:\/\/mathplus.tourmu.fr\/wp-content\/uploads\/2025\/10\/Fiche-de-revisions-probabilites-niveau-1ere.pdf\" class=\"wp-block-file__button wp-element-button\" download aria-describedby=\"wp-block-file--media-56de18e1-755e-42ea-818a-e2d9e7027d0c\">T\u00e9l\u00e9charger<\/a><\/div>\n\n\n\n<div data-wp-interactive=\"core\/file\" class=\"wp-block-file\"><object data-wp-bind--hidden=\"!state.hasPdfPreview\" hidden class=\"wp-block-file__embed\" data=\"https:\/\/mathplus.tourmu.fr\/wp-content\/uploads\/2025\/10\/Fiche-dexercices-sur-les-recurrences-enonce-corrige-1-1.pdf\" type=\"application\/pdf\" style=\"width:100%;height:200px\" aria-label=\"Contenu embarqu\u00e9 Fiche d&apos;exercices sur les r\u00e9currences ( \u00e9nonc\u00e9 + corrig\u00e9 ).\"><\/object><a id=\"wp-block-file--media-1de3073b-7048-4e7b-bac6-2bd5f75b9ef2\" href=\"https:\/\/mathplus.tourmu.fr\/wp-content\/uploads\/2025\/10\/Fiche-dexercices-sur-les-recurrences-enonce-corrige-1-1.pdf\">Fiche d&rsquo;exercices sur les r\u00e9currences ( \u00e9nonc\u00e9 + corrig\u00e9 )<\/a><a href=\"https:\/\/mathplus.tourmu.fr\/wp-content\/uploads\/2025\/10\/Fiche-dexercices-sur-les-recurrences-enonce-corrige-1-1.pdf\" class=\"wp-block-file__button wp-element-button\" download aria-describedby=\"wp-block-file--media-1de3073b-7048-4e7b-bac6-2bd5f75b9ef2\">T\u00e9l\u00e9charger<\/a><\/div>\n\n\n\n<div data-wp-interactive=\"core\/file\" class=\"wp-block-file\"><object data-wp-bind--hidden=\"!state.hasPdfPreview\" hidden class=\"wp-block-file__embed\" data=\"https:\/\/mathplus.tourmu.fr\/wp-content\/uploads\/2025\/09\/CORRECTION-89-et-90-page-229.pdf\" type=\"application\/pdf\" style=\"width:100%;height:200px\" aria-label=\"Contenu embarqu\u00e9 CORRECTION 89 et 90 page 229.\"><\/object><a id=\"wp-block-file--media-ddccdce0-a522-45e1-accc-c739f3bd6205\" href=\"https:\/\/mathplus.tourmu.fr\/wp-content\/uploads\/2025\/09\/CORRECTION-89-et-90-page-229.pdf\">CORRECTION 89 et 90 page 229<\/a><a href=\"https:\/\/mathplus.tourmu.fr\/wp-content\/uploads\/2025\/09\/CORRECTION-89-et-90-page-229.pdf\" class=\"wp-block-file__button wp-element-button\" download aria-describedby=\"wp-block-file--media-ddccdce0-a522-45e1-accc-c739f3bd6205\">T\u00e9l\u00e9charger<\/a><\/div>\n\n\n\n<div data-wp-interactive=\"core\/file\" class=\"wp-block-file\"><object data-wp-bind--hidden=\"!state.hasPdfPreview\" hidden class=\"wp-block-file__embed\" data=\"https:\/\/mathplus.tourmu.fr\/wp-content\/uploads\/2025\/09\/Correction-exercices-27-29-et-30-page-222-du-livre.pdf\" type=\"application\/pdf\" style=\"width:100%;height:200px\" aria-label=\"Contenu embarqu\u00e9 Correction exercices 27, 29 et 30 page 222 du livre.\"><\/object><a id=\"wp-block-file--media-72b6df31-8aec-4d2b-8486-cffaa404fce3\" href=\"https:\/\/mathplus.tourmu.fr\/wp-content\/uploads\/2025\/09\/Correction-exercices-27-29-et-30-page-222-du-livre.pdf\">Correction exercices 27, 29 et 30 page 222 du livre<\/a><a href=\"https:\/\/mathplus.tourmu.fr\/wp-content\/uploads\/2025\/09\/Correction-exercices-27-29-et-30-page-222-du-livre.pdf\" class=\"wp-block-file__button wp-element-button\" download aria-describedby=\"wp-block-file--media-72b6df31-8aec-4d2b-8486-cffaa404fce3\">T\u00e9l\u00e9charger<\/a><\/div>\n","protected":false},"excerpt":{"rendered":"","protected":false},"author":1,"featured_media":0,"parent":361,"menu_order":1,"comment_status":"closed","ping_status":"closed","template":"","meta":{"footnotes":""},"class_list":["post-2129","page","type-page","status-publish","hentry"],"_links":{"self":[{"href":"https:\/\/mathplus.tourmu.fr\/index.php?rest_route=\/wp\/v2\/pages\/2129","targetHints":{"allow":["GET"]}}],"collection":[{"href":"https:\/\/mathplus.tourmu.fr\/index.php?rest_route=\/wp\/v2\/pages"}],"about":[{"href":"https:\/\/mathplus.tourmu.fr\/index.php?rest_route=\/wp\/v2\/types\/page"}],"author":[{"embeddable":true,"href":"https:\/\/mathplus.tourmu.fr\/index.php?rest_route=\/wp\/v2\/users\/1"}],"replies":[{"embeddable":true,"href":"https:\/\/mathplus.tourmu.fr\/index.php?rest_route=%2Fwp%2Fv2%2Fcomments&post=2129"}],"version-history":[{"count":47,"href":"https:\/\/mathplus.tourmu.fr\/index.php?rest_route=\/wp\/v2\/pages\/2129\/revisions"}],"predecessor-version":[{"id":5399,"href":"https:\/\/mathplus.tourmu.fr\/index.php?rest_route=\/wp\/v2\/pages\/2129\/revisions\/5399"}],"up":[{"embeddable":true,"href":"https:\/\/mathplus.tourmu.fr\/index.php?rest_route=\/wp\/v2\/pages\/361"}],"wp:attachment":[{"href":"https:\/\/mathplus.tourmu.fr\/index.php?rest_route=%2Fwp%2Fv2%2Fmedia&parent=2129"}],"curies":[{"name":"wp","href":"https:\/\/api.w.org\/{rel}","templated":true}]}}