{"id":1426,"date":"2020-10-29T12:01:13","date_gmt":"2020-10-29T11:01:13","guid":{"rendered":"http:\/\/mathplus.tourmu.fr\/?page_id=1426"},"modified":"2026-03-16T23:21:12","modified_gmt":"2026-03-16T22:21:12","slug":"fiches-dexercices-donnees-en-classe","status":"publish","type":"page","link":"https:\/\/mathplus.tourmu.fr\/?page_id=1426","title":{"rendered":"Fiches d&rsquo;exercices donn\u00e9es en classe 2nde 16"},"content":{"rendered":"\n<div data-wp-interactive=\"core\/file\" class=\"wp-block-file\"><object data-wp-bind--hidden=\"!state.hasPdfPreview\" hidden class=\"wp-block-file__embed\" data=\"https:\/\/mathplus.tourmu.fr\/wp-content\/uploads\/2026\/03\/S2F5-Racines-carrees.pdf\" type=\"application\/pdf\" style=\"width:100%;height:200px\" aria-label=\"Contenu embarqu\u00e9 S2F5 Racines carr\u00e9es.\"><\/object><a id=\"wp-block-file--media-b8d9e0fe-d4ab-46aa-844a-3e47bbca388c\" href=\"https:\/\/mathplus.tourmu.fr\/wp-content\/uploads\/2026\/03\/S2F5-Racines-carrees.pdf\">S2F5 Racines carr\u00e9es<\/a><a href=\"https:\/\/mathplus.tourmu.fr\/wp-content\/uploads\/2026\/03\/S2F5-Racines-carrees.pdf\" class=\"wp-block-file__button wp-element-button\" download aria-describedby=\"wp-block-file--media-b8d9e0fe-d4ab-46aa-844a-3e47bbca388c\">T\u00e9l\u00e9charger<\/a><\/div>\n\n\n\n<div data-wp-interactive=\"core\/file\" class=\"wp-block-file\"><object data-wp-bind--hidden=\"!state.hasPdfPreview\" hidden class=\"wp-block-file__embed\" data=\"https:\/\/mathplus.tourmu.fr\/wp-content\/uploads\/2026\/01\/Sequence-3-Fiche-2-Factorisations-1.pdf\" type=\"application\/pdf\" style=\"width:100%;height:200px\" aria-label=\"Contenu embarqu\u00e9 S\u00e9quence 3 Fiche 2  Factorisations Identit\u00e9s remarquables.\"><\/object><a id=\"wp-block-file--media-0405b388-64f2-4236-94dc-e99ec899bef0\" href=\"https:\/\/mathplus.tourmu.fr\/wp-content\/uploads\/2026\/01\/Sequence-3-Fiche-2-Factorisations-1.pdf\">S\u00e9quence 3 Fiche 2  Factorisations Identit\u00e9s remarquables<\/a><a href=\"https:\/\/mathplus.tourmu.fr\/wp-content\/uploads\/2026\/01\/Sequence-3-Fiche-2-Factorisations-1.pdf\" class=\"wp-block-file__button wp-element-button\" download aria-describedby=\"wp-block-file--media-0405b388-64f2-4236-94dc-e99ec899bef0\">T\u00e9l\u00e9charger<\/a><\/div>\n\n\n\n<div data-wp-interactive=\"core\/file\" class=\"wp-block-file\"><object data-wp-bind--hidden=\"!state.hasPdfPreview\" hidden class=\"wp-block-file__embed\" data=\"https:\/\/mathplus.tourmu.fr\/wp-content\/uploads\/2026\/01\/S2-F4-Factorisations-1-Jeudi-9-Dec-1.pdf\" type=\"application\/pdf\" style=\"width:100%;height:200px\" aria-label=\"Contenu embarqu\u00e9 S2 F4 Factorisations .\"><\/object><a id=\"wp-block-file--media-9c38fb55-3bfa-4891-acee-4d7d40ef1bfc\" href=\"https:\/\/mathplus.tourmu.fr\/wp-content\/uploads\/2026\/01\/S2-F4-Factorisations-1-Jeudi-9-Dec-1.pdf\">S2 F4 Factorisations <\/a><a href=\"https:\/\/mathplus.tourmu.fr\/wp-content\/uploads\/2026\/01\/S2-F4-Factorisations-1-Jeudi-9-Dec-1.pdf\" class=\"wp-block-file__button wp-element-button\" download aria-describedby=\"wp-block-file--media-9c38fb55-3bfa-4891-acee-4d7d40ef1bfc\">T\u00e9l\u00e9charger<\/a><\/div>\n\n\n\n<div data-wp-interactive=\"core\/file\" class=\"wp-block-file\"><object data-wp-bind--hidden=\"!state.hasPdfPreview\" hidden class=\"wp-block-file__embed\" data=\"https:\/\/mathplus.tourmu.fr\/wp-content\/uploads\/2026\/01\/S2-F2-Identites-remarquables-Jeudi-25-Nov-1.pdf\" type=\"application\/pdf\" style=\"width:100%;height:200px\" aria-label=\"Contenu embarqu\u00e9 S2 F2 D\u00e9veloppements Identit\u00e9s remarquables.\"><\/object><a id=\"wp-block-file--media-5ca3aa8d-22f0-4047-aa45-c5ba99c141c8\" href=\"https:\/\/mathplus.tourmu.fr\/wp-content\/uploads\/2026\/01\/S2-F2-Identites-remarquables-Jeudi-25-Nov-1.pdf\">S2 F2 D\u00e9veloppements Identit\u00e9s remarquables<\/a><a href=\"https:\/\/mathplus.tourmu.fr\/wp-content\/uploads\/2026\/01\/S2-F2-Identites-remarquables-Jeudi-25-Nov-1.pdf\" class=\"wp-block-file__button wp-element-button\" download aria-describedby=\"wp-block-file--media-5ca3aa8d-22f0-4047-aa45-c5ba99c141c8\">T\u00e9l\u00e9charger<\/a><\/div>\n\n\n\n<div data-wp-interactive=\"core\/file\" class=\"wp-block-file\"><object data-wp-bind--hidden=\"!state.hasPdfPreview\" hidden class=\"wp-block-file__embed\" data=\"https:\/\/mathplus.tourmu.fr\/wp-content\/uploads\/2026\/01\/S2-F1-Developpements.pdf\" type=\"application\/pdf\" style=\"width:100%;height:200px\" aria-label=\"Contenu embarqu\u00e9 S2 F1 D\u00e9veloppements.\"><\/object><a id=\"wp-block-file--media-2938d658-c626-4ccc-9885-a27ed5851679\" href=\"https:\/\/mathplus.tourmu.fr\/wp-content\/uploads\/2026\/01\/S2-F1-Developpements.pdf\">S2 F1 D\u00e9veloppements<\/a><a href=\"https:\/\/mathplus.tourmu.fr\/wp-content\/uploads\/2026\/01\/S2-F1-Developpements.pdf\" class=\"wp-block-file__button wp-element-button\" download aria-describedby=\"wp-block-file--media-2938d658-c626-4ccc-9885-a27ed5851679\">T\u00e9l\u00e9charger<\/a><\/div>\n\n\n\n<div data-wp-interactive=\"core\/file\" class=\"wp-block-file\"><object data-wp-bind--hidden=\"!state.hasPdfPreview\" hidden class=\"wp-block-file__embed\" data=\"https:\/\/mathplus.tourmu.fr\/wp-content\/uploads\/2025\/11\/2nde_Fiche_exercices_revisions_vecteurs_2122-1.pdf\" type=\"application\/pdf\" style=\"width:100%;height:200px\" aria-label=\"Contenu embarqu\u00e9 2nde Fiche exercices r\u00e9visions vecteurs.\"><\/object><a id=\"wp-block-file--media-c1f2fe7c-270d-4005-9c7e-07c12741104f\" href=\"https:\/\/mathplus.tourmu.fr\/wp-content\/uploads\/2025\/11\/2nde_Fiche_exercices_revisions_vecteurs_2122-1.pdf\">2nde Fiche exercices r\u00e9visions vecteurs<\/a><a href=\"https:\/\/mathplus.tourmu.fr\/wp-content\/uploads\/2025\/11\/2nde_Fiche_exercices_revisions_vecteurs_2122-1.pdf\" class=\"wp-block-file__button wp-element-button\" download aria-describedby=\"wp-block-file--media-c1f2fe7c-270d-4005-9c7e-07c12741104f\">T\u00e9l\u00e9charger<\/a><\/div>\n\n\n\n<div data-wp-interactive=\"core\/file\" class=\"wp-block-file\"><object data-wp-bind--hidden=\"!state.hasPdfPreview\" hidden class=\"wp-block-file__embed\" data=\"https:\/\/mathplus.tourmu.fr\/wp-content\/uploads\/2025\/10\/2nde-Fiche-exercices-fonctions-2526-enonce-corrige-1.pdf\" type=\"application\/pdf\" style=\"width:100%;height:200px\" aria-label=\"Contenu embarqu\u00e9 2nde Fiche exercices fonctions  \u00e9nonc\u00e9 + corrig\u00e9.\"><\/object><a id=\"wp-block-file--media-4150a99b-4f3d-4f09-9d6c-323a3835d3f5\" href=\"https:\/\/mathplus.tourmu.fr\/wp-content\/uploads\/2025\/10\/2nde-Fiche-exercices-fonctions-2526-enonce-corrige-1.pdf\">2nde Fiche exercices fonctions  \u00e9nonc\u00e9 + corrig\u00e9<\/a><a href=\"https:\/\/mathplus.tourmu.fr\/wp-content\/uploads\/2025\/10\/2nde-Fiche-exercices-fonctions-2526-enonce-corrige-1.pdf\" class=\"wp-block-file__button wp-element-button\" download aria-describedby=\"wp-block-file--media-4150a99b-4f3d-4f09-9d6c-323a3835d3f5\">T\u00e9l\u00e9charger<\/a><\/div>\n\n\n\n<div data-wp-interactive=\"core\/file\" class=\"wp-block-file\"><object data-wp-bind--hidden=\"!state.hasPdfPreview\" hidden class=\"wp-block-file__embed\" data=\"https:\/\/mathplus.tourmu.fr\/wp-content\/uploads\/2025\/09\/Exos-de-revision-niveau-college-1.pdf\" type=\"application\/pdf\" style=\"width:100%;height:200px\" aria-label=\"Contenu embarqu\u00e9 Fiche d&apos;exercices &quot; Pour reprendre contact &quot; niveau coll\u00e8ge.\"><\/object><a id=\"wp-block-file--media-d6c25fa0-ab73-4be2-a42e-57e1b2c27102\" href=\"https:\/\/mathplus.tourmu.fr\/wp-content\/uploads\/2025\/09\/Exos-de-revision-niveau-college-1.pdf\">Fiche d&rsquo;exercices \u00a0\u00bb Pour reprendre contact \u00a0\u00bb niveau coll\u00e8ge<\/a><a href=\"https:\/\/mathplus.tourmu.fr\/wp-content\/uploads\/2025\/09\/Exos-de-revision-niveau-college-1.pdf\" class=\"wp-block-file__button wp-element-button\" download aria-describedby=\"wp-block-file--media-d6c25fa0-ab73-4be2-a42e-57e1b2c27102\">T\u00e9l\u00e9charger<\/a><\/div>\n","protected":false},"excerpt":{"rendered":"","protected":false},"author":1,"featured_media":0,"parent":309,"menu_order":0,"comment_status":"closed","ping_status":"closed","template":"","meta":{"footnotes":""},"class_list":["post-1426","page","type-page","status-publish","hentry"],"_links":{"self":[{"href":"https:\/\/mathplus.tourmu.fr\/index.php?rest_route=\/wp\/v2\/pages\/1426","targetHints":{"allow":["GET"]}}],"collection":[{"href":"https:\/\/mathplus.tourmu.fr\/index.php?rest_route=\/wp\/v2\/pages"}],"about":[{"href":"https:\/\/mathplus.tourmu.fr\/index.php?rest_route=\/wp\/v2\/types\/page"}],"author":[{"embeddable":true,"href":"https:\/\/mathplus.tourmu.fr\/index.php?rest_route=\/wp\/v2\/users\/1"}],"replies":[{"embeddable":true,"href":"https:\/\/mathplus.tourmu.fr\/index.php?rest_route=%2Fwp%2Fv2%2Fcomments&post=1426"}],"version-history":[{"count":39,"href":"https:\/\/mathplus.tourmu.fr\/index.php?rest_route=\/wp\/v2\/pages\/1426\/revisions"}],"predecessor-version":[{"id":5450,"href":"https:\/\/mathplus.tourmu.fr\/index.php?rest_route=\/wp\/v2\/pages\/1426\/revisions\/5450"}],"up":[{"embeddable":true,"href":"https:\/\/mathplus.tourmu.fr\/index.php?rest_route=\/wp\/v2\/pages\/309"}],"wp:attachment":[{"href":"https:\/\/mathplus.tourmu.fr\/index.php?rest_route=%2Fwp%2Fv2%2Fmedia&parent=1426"}],"curies":[{"name":"wp","href":"https:\/\/api.w.org\/{rel}","templated":true}]}}