{"id":11,"date":"2015-09-26T18:56:16","date_gmt":"2015-09-26T16:56:16","guid":{"rendered":"https:\/\/mathplusft.wordpress.com\/?page_id=4"},"modified":"2025-09-08T23:05:24","modified_gmt":"2025-09-08T21:05:24","slug":"accueil","status":"publish","type":"page","link":"https:\/\/mathplus.tourmu.fr\/","title":{"rendered":"Accueil"},"content":{"rendered":"\n<p><strong>Bienvenue sur le site d\u00e9di\u00e9 \u00e0 mes \u00e9l\u00e8ves<\/strong><br><br>Chaque classe a son onglet.<br>Chaque \u00e9l\u00e8ve pourra trouver sur ce site le cours \u00e0 jour, les devoirs et leurs corrig\u00e9s, les fiches d&rsquo;exercices distribu\u00e9es en classe, des fiches de r\u00e9visions, le planning des DS en classe et la progression pr\u00e9vue pour cette ann\u00e9e.<br><br>Si vous le d\u00e9sirez, vous pouvez me joindre par mail sur l&rsquo;ENT.<br>Je vous r\u00e9pondrai aussi vite que possible.<br><br>Bonne visite !<br>Florence Tournier.<\/p>\n","protected":false},"excerpt":{"rendered":"<p>Bienvenue sur le site d\u00e9di\u00e9 \u00e0 mes \u00e9l\u00e8ves Chaque classe a son onglet.Chaque \u00e9l\u00e8ve pourra trouver sur ce site le cours \u00e0 jour, les devoirs et leurs corrig\u00e9s, les fiches d&rsquo;exercices distribu\u00e9es en classe, des fiches de r\u00e9visions, le planning des DS en classe et la progression pr\u00e9vue pour cette ann\u00e9e. Si vous le d\u00e9sirez, [&hellip;]<\/p>\n","protected":false},"author":1,"featured_media":1352,"parent":0,"menu_order":0,"comment_status":"closed","ping_status":"closed","template":"","meta":{"footnotes":""},"class_list":["post-11","page","type-page","status-publish","has-post-thumbnail","hentry"],"_links":{"self":[{"href":"https:\/\/mathplus.tourmu.fr\/index.php?rest_route=\/wp\/v2\/pages\/11","targetHints":{"allow":["GET"]}}],"collection":[{"href":"https:\/\/mathplus.tourmu.fr\/index.php?rest_route=\/wp\/v2\/pages"}],"about":[{"href":"https:\/\/mathplus.tourmu.fr\/index.php?rest_route=\/wp\/v2\/types\/page"}],"author":[{"embeddable":true,"href":"https:\/\/mathplus.tourmu.fr\/index.php?rest_route=\/wp\/v2\/users\/1"}],"replies":[{"embeddable":true,"href":"https:\/\/mathplus.tourmu.fr\/index.php?rest_route=%2Fwp%2Fv2%2Fcomments&post=11"}],"version-history":[{"count":6,"href":"https:\/\/mathplus.tourmu.fr\/index.php?rest_route=\/wp\/v2\/pages\/11\/revisions"}],"predecessor-version":[{"id":4996,"href":"https:\/\/mathplus.tourmu.fr\/index.php?rest_route=\/wp\/v2\/pages\/11\/revisions\/4996"}],"wp:featuredmedia":[{"embeddable":true,"href":"https:\/\/mathplus.tourmu.fr\/index.php?rest_route=\/wp\/v2\/media\/1352"}],"wp:attachment":[{"href":"https:\/\/mathplus.tourmu.fr\/index.php?rest_route=%2Fwp%2Fv2%2Fmedia&parent=11"}],"curies":[{"name":"wp","href":"https:\/\/api.w.org\/{rel}","templated":true}]}}